{"id":19,"date":"2019-01-05T18:25:36","date_gmt":"2019-01-05T17:25:36","guid":{"rendered":"https:\/\/kilianschweer.de\/sk2\/?page_id=19"},"modified":"2025-03-11T13:29:17","modified_gmt":"2025-03-11T12:29:17","slug":"leistungen","status":"publish","type":"page","link":"https:\/\/kilianschweer.de\/sk2\/leistungen\/","title":{"rendered":"Leistungen"},"content":{"rendered":"\n<div class=\"wp-block-columns has-2-columns is-layout-flex wp-container-core-columns-is-layout-28f84493 wp-block-columns-is-layout-flex\">\n<div class=\"wp-block-column has-medium-font-size is-layout-flow wp-block-column-is-layout-flow\">\n<ul class=\"wp-block-list\">\n<li>S\u00e4gen<\/li>\n\n\n\n<li>CNC-Fr\u00e4sen bis 4 m<\/li>\n\n\n\n<li>Bohren<\/li>\n\n\n\n<li>Verkleben<\/li>\n<\/ul>\n<\/div>\n\n\n\n<div class=\"wp-block-column has-medium-font-size is-layout-flow wp-block-column-is-layout-flow\">\n<ul class=\"wp-block-list\">\n<li>Beschichten<\/li>\n\n\n\n<li>Lackieren<\/li>\n\n\n\n<li>Sicherheitsnachr\u00fcstung<\/li>\n\n\n\n<li>Innenausbau Boden und Decke<\/li>\n<\/ul>\n<\/div>\n<\/div>\n\n\n\n<div class=\"alignnormal\"><div id=\"metaslider-id-227\" style=\"width: 100%;\" class=\"ml-slider-3-109-0 metaslider metaslider-flex metaslider-227 ml-slider ms-theme-simply-dark nav-hidden\" role=\"region\" aria-label=\"Leistungen\" data-height=\"500\" data-width=\"1000\">\n    <div id=\"metaslider_container_227\">\n        <div id=\"metaslider_227\">\n            <ul class='slides'>\n                <li style=\"display: block; width: 100%;\" class=\"slide-1031 ms-image \" aria-roledescription=\"slide\" data-date=\"2025-03-11 13:24:34\" data-filename=\"20241119_150524-Web-1000x500.jpg\" data-slide-type=\"image\"><img loading=\"lazy\" decoding=\"async\" src=\"https:\/\/kilianschweer.de\/sk2\/wp-content\/uploads\/2025\/03\/20241119_150524-Web-1000x500.jpg\" height=\"500\" width=\"1000\" alt=\"\" class=\"slider-227 slide-1031 msDefaultImage\" title=\"20241119_150524---Web\" \/><\/li>\n                <li style=\"display: none; width: 100%;\" class=\"slide-231 ms-image \" aria-roledescription=\"slide\" data-date=\"2019-02-14 21:30:10\" data-filename=\"IMG_3111-1000x500.jpg\" data-slide-type=\"image\"><img loading=\"lazy\" decoding=\"async\" src=\"https:\/\/kilianschweer.de\/sk2\/wp-content\/uploads\/2019\/02\/IMG_3111-1000x500.jpg\" height=\"500\" width=\"1000\" alt=\"\" class=\"slider-227 slide-231 msDefaultImage\" title=\"IMG_3111\" \/><\/li>\n                <li style=\"display: none; width: 100%;\" class=\"slide-232 ms-image \" aria-roledescription=\"slide\" data-date=\"2019-02-14 21:30:10\" data-filename=\"IMG_3117-1000x500.jpg\" data-slide-type=\"image\"><img loading=\"lazy\" decoding=\"async\" src=\"https:\/\/kilianschweer.de\/sk2\/wp-content\/uploads\/2019\/02\/IMG_3117-1000x500.jpg\" height=\"500\" width=\"1000\" alt=\"\" class=\"slider-227 slide-232 msDefaultImage\" title=\"IMG_3117\" \/><\/li>\n                <li style=\"display: none; width: 100%;\" class=\"slide-233 ms-image \" aria-roledescription=\"slide\" data-date=\"2019-02-14 21:30:10\" data-filename=\"IMG_3123-1000x500.jpg\" data-slide-type=\"image\"><img loading=\"lazy\" decoding=\"async\" src=\"https:\/\/kilianschweer.de\/sk2\/wp-content\/uploads\/2019\/02\/IMG_3123-1000x500.jpg\" height=\"500\" width=\"1000\" alt=\"\" class=\"slider-227 slide-233 msDefaultImage\" title=\"IMG_3123\" \/><\/li>\n            <\/ul>\n        <\/div>\n        \n    <\/div>\n<\/div><\/div>\n\n\n\n<div class=\"wp-block-columns is-layout-flex wp-container-core-columns-is-layout-97822422 wp-block-columns-is-layout-flex\" style=\"margin-top:-50px;margin-bottom:-30px;padding-left:0rem\">\n<div class=\"wp-block-column is-layout-flow wp-block-column-is-layout-flow\"><style>.kb-image19_eadd7e-76 .kb-image-has-overlay:after{opacity:0.3;}<\/style>\n<div class=\"wp-block-kadence-image kb-image19_eadd7e-76\"><figure class=\"aligncenter size-full\"><img loading=\"lazy\" decoding=\"async\" width=\"600\" height=\"600\" src=\"https:\/\/kilianschweer.de\/sk2\/wp-content\/uploads\/2025\/03\/schreinerei_kresslein_icon_Bohren.png\" alt=\"\" class=\"kb-img wp-image-1010\" srcset=\"https:\/\/kilianschweer.de\/sk2\/wp-content\/uploads\/2025\/03\/schreinerei_kresslein_icon_Bohren.png 600w, https:\/\/kilianschweer.de\/sk2\/wp-content\/uploads\/2025\/03\/schreinerei_kresslein_icon_Bohren-300x300.png 300w, https:\/\/kilianschweer.de\/sk2\/wp-content\/uploads\/2025\/03\/schreinerei_kresslein_icon_Bohren-150x150.png 150w, https:\/\/kilianschweer.de\/sk2\/wp-content\/uploads\/2025\/03\/schreinerei_kresslein_icon_Bohren-500x500.png 500w\" sizes=\"auto, (max-width: 600px) 100vw, 600px\" \/><\/figure><\/div>\n<\/div>\n\n\n\n<div class=\"wp-block-column is-layout-flow wp-block-column-is-layout-flow\"><style>.kb-image19_f4bbaf-39 .kb-image-has-overlay:after{opacity:0.3;}<\/style>\n<div class=\"wp-block-kadence-image kb-image19_f4bbaf-39\"><figure class=\"aligncenter size-full\"><img loading=\"lazy\" decoding=\"async\" width=\"600\" height=\"600\" src=\"https:\/\/kilianschweer.de\/sk2\/wp-content\/uploads\/2025\/03\/schreinerei_kresslein_icon_Saegen.png\" alt=\"\" class=\"kb-img wp-image-1011\" srcset=\"https:\/\/kilianschweer.de\/sk2\/wp-content\/uploads\/2025\/03\/schreinerei_kresslein_icon_Saegen.png 600w, https:\/\/kilianschweer.de\/sk2\/wp-content\/uploads\/2025\/03\/schreinerei_kresslein_icon_Saegen-300x300.png 300w, https:\/\/kilianschweer.de\/sk2\/wp-content\/uploads\/2025\/03\/schreinerei_kresslein_icon_Saegen-150x150.png 150w, https:\/\/kilianschweer.de\/sk2\/wp-content\/uploads\/2025\/03\/schreinerei_kresslein_icon_Saegen-500x500.png 500w\" sizes=\"auto, (max-width: 600px) 100vw, 600px\" \/><\/figure><\/div>\n<\/div>\n\n\n\n<div class=\"wp-block-column is-layout-flow wp-block-column-is-layout-flow\"><style>.kb-image19_49d53e-e2 .kb-image-has-overlay:after{opacity:0.3;}<\/style>\n<div class=\"wp-block-kadence-image kb-image19_49d53e-e2\"><figure class=\"aligncenter size-full\"><img loading=\"lazy\" decoding=\"async\" width=\"600\" height=\"600\" src=\"https:\/\/kilianschweer.de\/sk2\/wp-content\/uploads\/2025\/03\/schreinerei_kresslein_icon_schloss.png\" alt=\"\" class=\"kb-img wp-image-1012\" srcset=\"https:\/\/kilianschweer.de\/sk2\/wp-content\/uploads\/2025\/03\/schreinerei_kresslein_icon_schloss.png 600w, https:\/\/kilianschweer.de\/sk2\/wp-content\/uploads\/2025\/03\/schreinerei_kresslein_icon_schloss-300x300.png 300w, https:\/\/kilianschweer.de\/sk2\/wp-content\/uploads\/2025\/03\/schreinerei_kresslein_icon_schloss-150x150.png 150w, https:\/\/kilianschweer.de\/sk2\/wp-content\/uploads\/2025\/03\/schreinerei_kresslein_icon_schloss-500x500.png 500w\" sizes=\"auto, (max-width: 600px) 100vw, 600px\" \/><\/figure><\/div>\n<\/div>\n\n\n\n<div class=\"wp-block-column is-layout-flow wp-block-column-is-layout-flow\"><style>.kb-image19_7481d4-0f .kb-image-has-overlay:after{opacity:0.3;}<\/style>\n<div class=\"wp-block-kadence-image kb-image19_7481d4-0f\"><figure class=\"aligncenter size-full\"><img loading=\"lazy\" decoding=\"async\" width=\"600\" height=\"600\" src=\"https:\/\/kilianschweer.de\/sk2\/wp-content\/uploads\/2025\/03\/schreinerei_kresslein_icon_Spruehen.png\" alt=\"\" class=\"kb-img wp-image-1013\" srcset=\"https:\/\/kilianschweer.de\/sk2\/wp-content\/uploads\/2025\/03\/schreinerei_kresslein_icon_Spruehen.png 600w, https:\/\/kilianschweer.de\/sk2\/wp-content\/uploads\/2025\/03\/schreinerei_kresslein_icon_Spruehen-300x300.png 300w, https:\/\/kilianschweer.de\/sk2\/wp-content\/uploads\/2025\/03\/schreinerei_kresslein_icon_Spruehen-150x150.png 150w, https:\/\/kilianschweer.de\/sk2\/wp-content\/uploads\/2025\/03\/schreinerei_kresslein_icon_Spruehen-500x500.png 500w\" sizes=\"auto, (max-width: 600px) 100vw, 600px\" \/><\/figure><\/div>\n<\/div>\n<\/div>\n\n\n\n<div class=\"wp-block-columns has-2-columns is-layout-flex wp-container-core-columns-is-layout-28f84493 wp-block-columns-is-layout-flex\">\n<div class=\"wp-block-column is-layout-flow wp-block-column-is-layout-flow\">\n<p><\/p>\n<\/div>\n\n\n\n<div class=\"wp-block-column is-layout-flow wp-block-column-is-layout-flow\"><\/div>\n<\/div>\n\n\n\n<p><\/p>\n","protected":false},"excerpt":{"rendered":"","protected":false},"author":2,"featured_media":0,"parent":0,"menu_order":0,"comment_status":"closed","ping_status":"closed","template":"","meta":{"footnotes":""},"class_list":["post-19","page","type-page","status-publish","hentry"],"blocksy_meta":[],"yoast_head":"<!-- This site is optimized with the Yoast SEO plugin v27.5 - https:\/\/yoast.com\/product\/yoast-seo-wordpress\/ -->\n<title>Leistungen - Schreinerei Kresslein<\/title>\n<meta name=\"robots\" content=\"noindex, follow, max-snippet:-1, max-image-preview:large, max-video-preview:-1\" \/>\n<meta property=\"og:locale\" content=\"de_DE\" \/>\n<meta property=\"og:type\" content=\"article\" \/>\n<meta property=\"og:title\" content=\"Leistungen - Schreinerei Kresslein\" \/>\n<meta property=\"og:url\" content=\"https:\/\/kilianschweer.de\/sk2\/leistungen\/\" \/>\n<meta property=\"og:site_name\" content=\"Schreinerei Kresslein\" \/>\n<meta property=\"article:publisher\" content=\"https:\/\/www.facebook.com\/p\/Schreinerei-Kresslein\" \/>\n<meta property=\"article:modified_time\" content=\"2025-03-11T12:29:17+00:00\" \/>\n<meta property=\"og:image\" content=\"https:\/\/kilianschweer.de\/sk2\/wp-content\/uploads\/2025\/03\/schreinerei_kresslein_icon_Bohren.png\" \/>\n<meta name=\"twitter:card\" content=\"summary_large_image\" \/>\n<script type=\"application\/ld+json\" class=\"yoast-schema-graph\">{\"@context\":\"https:\\\/\\\/schema.org\",\"@graph\":[{\"@type\":\"WebPage\",\"@id\":\"https:\\\/\\\/kilianschweer.de\\\/sk2\\\/leistungen\\\/\",\"url\":\"https:\\\/\\\/kilianschweer.de\\\/sk2\\\/leistungen\\\/\",\"name\":\"Leistungen - Schreinerei Kresslein\",\"isPartOf\":{\"@id\":\"https:\\\/\\\/kilianschweer.de\\\/sk2\\\/#website\"},\"primaryImageOfPage\":{\"@id\":\"https:\\\/\\\/kilianschweer.de\\\/sk2\\\/leistungen\\\/#primaryimage\"},\"image\":{\"@id\":\"https:\\\/\\\/kilianschweer.de\\\/sk2\\\/leistungen\\\/#primaryimage\"},\"thumbnailUrl\":\"https:\\\/\\\/kilianschweer.de\\\/sk2\\\/wp-content\\\/uploads\\\/2025\\\/03\\\/schreinerei_kresslein_icon_Bohren.png\",\"datePublished\":\"2019-01-05T17:25:36+00:00\",\"dateModified\":\"2025-03-11T12:29:17+00:00\",\"breadcrumb\":{\"@id\":\"https:\\\/\\\/kilianschweer.de\\\/sk2\\\/leistungen\\\/#breadcrumb\"},\"inLanguage\":\"de\",\"potentialAction\":[{\"@type\":\"ReadAction\",\"target\":[\"https:\\\/\\\/kilianschweer.de\\\/sk2\\\/leistungen\\\/\"]}]},{\"@type\":\"ImageObject\",\"inLanguage\":\"de\",\"@id\":\"https:\\\/\\\/kilianschweer.de\\\/sk2\\\/leistungen\\\/#primaryimage\",\"url\":\"https:\\\/\\\/kilianschweer.de\\\/sk2\\\/wp-content\\\/uploads\\\/2025\\\/03\\\/schreinerei_kresslein_icon_Bohren.png\",\"contentUrl\":\"https:\\\/\\\/kilianschweer.de\\\/sk2\\\/wp-content\\\/uploads\\\/2025\\\/03\\\/schreinerei_kresslein_icon_Bohren.png\",\"width\":600,\"height\":600},{\"@type\":\"BreadcrumbList\",\"@id\":\"https:\\\/\\\/kilianschweer.de\\\/sk2\\\/leistungen\\\/#breadcrumb\",\"itemListElement\":[{\"@type\":\"ListItem\",\"position\":1,\"name\":\"Startseite\",\"item\":\"https:\\\/\\\/kilianschweer.de\\\/sk2\\\/\"},{\"@type\":\"ListItem\",\"position\":2,\"name\":\"Leistungen\"}]},{\"@type\":\"WebSite\",\"@id\":\"https:\\\/\\\/kilianschweer.de\\\/sk2\\\/#website\",\"url\":\"https:\\\/\\\/kilianschweer.de\\\/sk2\\\/\",\"name\":\"Schreinerei Kresslein\",\"description\":\"Haust\u00fcren, Zimmert\u00fcren, Einbaum\u00f6bel, Innenausbau, Boden und Decke\",\"publisher\":{\"@id\":\"https:\\\/\\\/kilianschweer.de\\\/sk2\\\/#organization\"},\"potentialAction\":[{\"@type\":\"SearchAction\",\"target\":{\"@type\":\"EntryPoint\",\"urlTemplate\":\"https:\\\/\\\/kilianschweer.de\\\/sk2\\\/?s={search_term_string}\"},\"query-input\":{\"@type\":\"PropertyValueSpecification\",\"valueRequired\":true,\"valueName\":\"search_term_string\"}}],\"inLanguage\":\"de\"},{\"@type\":\"Organization\",\"@id\":\"https:\\\/\\\/kilianschweer.de\\\/sk2\\\/#organization\",\"name\":\"Schreinerei Kresslein\",\"url\":\"https:\\\/\\\/kilianschweer.de\\\/sk2\\\/\",\"logo\":{\"@type\":\"ImageObject\",\"inLanguage\":\"de\",\"@id\":\"https:\\\/\\\/kilianschweer.de\\\/sk2\\\/#\\\/schema\\\/logo\\\/image\\\/\",\"url\":\"https:\\\/\\\/kilianschweer.de\\\/sk2\\\/wp-content\\\/uploads\\\/2019\\\/02\\\/schreinerei_kresslein_logo.png\",\"contentUrl\":\"https:\\\/\\\/kilianschweer.de\\\/sk2\\\/wp-content\\\/uploads\\\/2019\\\/02\\\/schreinerei_kresslein_logo.png\",\"width\":2000,\"height\":804,\"caption\":\"Schreinerei Kresslein\"},\"image\":{\"@id\":\"https:\\\/\\\/kilianschweer.de\\\/sk2\\\/#\\\/schema\\\/logo\\\/image\\\/\"},\"sameAs\":[\"https:\\\/\\\/www.facebook.com\\\/p\\\/Schreinerei-Kresslein\"]}]}<\/script>\n<!-- \/ Yoast SEO plugin. -->","yoast_head_json":{"title":"Leistungen - Schreinerei Kresslein","robots":{"index":"noindex","follow":"follow","max-snippet":"max-snippet:-1","max-image-preview":"max-image-preview:large","max-video-preview":"max-video-preview:-1"},"og_locale":"de_DE","og_type":"article","og_title":"Leistungen - Schreinerei Kresslein","og_url":"https:\/\/kilianschweer.de\/sk2\/leistungen\/","og_site_name":"Schreinerei Kresslein","article_publisher":"https:\/\/www.facebook.com\/p\/Schreinerei-Kresslein","article_modified_time":"2025-03-11T12:29:17+00:00","og_image":[{"url":"https:\/\/kilianschweer.de\/sk2\/wp-content\/uploads\/2025\/03\/schreinerei_kresslein_icon_Bohren.png","type":"","width":"","height":""}],"twitter_card":"summary_large_image","schema":{"@context":"https:\/\/schema.org","@graph":[{"@type":"WebPage","@id":"https:\/\/kilianschweer.de\/sk2\/leistungen\/","url":"https:\/\/kilianschweer.de\/sk2\/leistungen\/","name":"Leistungen - Schreinerei Kresslein","isPartOf":{"@id":"https:\/\/kilianschweer.de\/sk2\/#website"},"primaryImageOfPage":{"@id":"https:\/\/kilianschweer.de\/sk2\/leistungen\/#primaryimage"},"image":{"@id":"https:\/\/kilianschweer.de\/sk2\/leistungen\/#primaryimage"},"thumbnailUrl":"https:\/\/kilianschweer.de\/sk2\/wp-content\/uploads\/2025\/03\/schreinerei_kresslein_icon_Bohren.png","datePublished":"2019-01-05T17:25:36+00:00","dateModified":"2025-03-11T12:29:17+00:00","breadcrumb":{"@id":"https:\/\/kilianschweer.de\/sk2\/leistungen\/#breadcrumb"},"inLanguage":"de","potentialAction":[{"@type":"ReadAction","target":["https:\/\/kilianschweer.de\/sk2\/leistungen\/"]}]},{"@type":"ImageObject","inLanguage":"de","@id":"https:\/\/kilianschweer.de\/sk2\/leistungen\/#primaryimage","url":"https:\/\/kilianschweer.de\/sk2\/wp-content\/uploads\/2025\/03\/schreinerei_kresslein_icon_Bohren.png","contentUrl":"https:\/\/kilianschweer.de\/sk2\/wp-content\/uploads\/2025\/03\/schreinerei_kresslein_icon_Bohren.png","width":600,"height":600},{"@type":"BreadcrumbList","@id":"https:\/\/kilianschweer.de\/sk2\/leistungen\/#breadcrumb","itemListElement":[{"@type":"ListItem","position":1,"name":"Startseite","item":"https:\/\/kilianschweer.de\/sk2\/"},{"@type":"ListItem","position":2,"name":"Leistungen"}]},{"@type":"WebSite","@id":"https:\/\/kilianschweer.de\/sk2\/#website","url":"https:\/\/kilianschweer.de\/sk2\/","name":"Schreinerei Kresslein","description":"Haust\u00fcren, Zimmert\u00fcren, Einbaum\u00f6bel, Innenausbau, Boden und Decke","publisher":{"@id":"https:\/\/kilianschweer.de\/sk2\/#organization"},"potentialAction":[{"@type":"SearchAction","target":{"@type":"EntryPoint","urlTemplate":"https:\/\/kilianschweer.de\/sk2\/?s={search_term_string}"},"query-input":{"@type":"PropertyValueSpecification","valueRequired":true,"valueName":"search_term_string"}}],"inLanguage":"de"},{"@type":"Organization","@id":"https:\/\/kilianschweer.de\/sk2\/#organization","name":"Schreinerei Kresslein","url":"https:\/\/kilianschweer.de\/sk2\/","logo":{"@type":"ImageObject","inLanguage":"de","@id":"https:\/\/kilianschweer.de\/sk2\/#\/schema\/logo\/image\/","url":"https:\/\/kilianschweer.de\/sk2\/wp-content\/uploads\/2019\/02\/schreinerei_kresslein_logo.png","contentUrl":"https:\/\/kilianschweer.de\/sk2\/wp-content\/uploads\/2019\/02\/schreinerei_kresslein_logo.png","width":2000,"height":804,"caption":"Schreinerei Kresslein"},"image":{"@id":"https:\/\/kilianschweer.de\/sk2\/#\/schema\/logo\/image\/"},"sameAs":["https:\/\/www.facebook.com\/p\/Schreinerei-Kresslein"]}]}},"_links":{"self":[{"href":"https:\/\/kilianschweer.de\/sk2\/wp-json\/wp\/v2\/pages\/19","targetHints":{"allow":["GET"]}}],"collection":[{"href":"https:\/\/kilianschweer.de\/sk2\/wp-json\/wp\/v2\/pages"}],"about":[{"href":"https:\/\/kilianschweer.de\/sk2\/wp-json\/wp\/v2\/types\/page"}],"author":[{"embeddable":true,"href":"https:\/\/kilianschweer.de\/sk2\/wp-json\/wp\/v2\/users\/2"}],"replies":[{"embeddable":true,"href":"https:\/\/kilianschweer.de\/sk2\/wp-json\/wp\/v2\/comments?post=19"}],"version-history":[{"count":19,"href":"https:\/\/kilianschweer.de\/sk2\/wp-json\/wp\/v2\/pages\/19\/revisions"}],"predecessor-version":[{"id":1034,"href":"https:\/\/kilianschweer.de\/sk2\/wp-json\/wp\/v2\/pages\/19\/revisions\/1034"}],"wp:attachment":[{"href":"https:\/\/kilianschweer.de\/sk2\/wp-json\/wp\/v2\/media?parent=19"}],"curies":[{"name":"wp","href":"https:\/\/api.w.org\/{rel}","templated":true}]}}